{"id":847,"date":"2025-10-01T14:41:08","date_gmt":"2025-10-01T12:41:08","guid":{"rendered":"https:\/\/ferencviktoria.eu\/9th-transcarpathian-day-in-brussels\/karolina-temeto-jozsefne-petras\/"},"modified":"2025-11-18T11:01:41","modified_gmt":"2025-11-18T10:01:41","slug":"praying-woman","status":"publish","type":"page","link":"https:\/\/ferencviktoria.eu\/en\/transcarpathian-day-in-brussels\/faces-from-the-past\/praying-woman\/","title":{"rendered":"Karolina Temet\u0151, J\u00f3zsefn\u00e9 Petr\u00e1s"},"content":{"rendered":"\t\t<div data-elementor-type=\"wp-page\" data-elementor-id=\"847\" class=\"elementor elementor-847 elementor-826\">\n\t\t\t\t<div class=\"elementor-element elementor-element-2c6a848 e-flex e-con-boxed creativo-sticky-disabled e-con e-parent\" data-id=\"2c6a848\" data-element_type=\"container\" data-settings=\"{&quot;background_background&quot;:&quot;classic&quot;,&quot;enable_creativo_sticky&quot;:&quot;disabled&quot;}\">\n\t\t\t\t\t<div class=\"e-con-inner\">\n\t\t\t\t<div class=\"elementor-element elementor-element-76accaa elementor-widget elementor-widget-wp-widget-bcn_widget\" data-id=\"76accaa\" data-element_type=\"widget\" data-widget_type=\"wp-widget-bcn_widget.default\">\n\t\t\t\t<div class=\"elementor-widget-container\">\n\t\t\t\t\t<div class=\"breadcrumbs\" vocab=\"https:\/\/schema.org\/\" typeof=\"BreadcrumbList\"><\/div>\t\t\t\t<\/div>\n\t\t\t\t<\/div>\n\t\t\t\t\t<\/div>\n\t\t\t\t<\/div>\n\t\t\t\t<section class=\"elementor-section elementor-top-section elementor-element elementor-element-d0dbde1 elementor-section-boxed elementor-section-height-default elementor-section-height-default creativo-sticky-disabled\" data-id=\"d0dbde1\" data-element_type=\"section\" data-settings=\"{&quot;background_background&quot;:&quot;classic&quot;,&quot;enable_creativo_sticky&quot;:&quot;disabled&quot;}\">\n\t\t\t\t\t\t\t<div class=\"elementor-background-overlay\"><\/div>\n\t\t\t\t\t\t\t<div class=\"elementor-container elementor-column-gap-default\">\n\t\t\t\t\t<div class=\"elementor-column elementor-col-100 elementor-top-column elementor-element elementor-element-6ca4942\" data-id=\"6ca4942\" data-element_type=\"column\">\n\t\t\t<div class=\"elementor-widget-wrap elementor-element-populated\">\n\t\t\t\t\t\t<div class=\"elementor-element elementor-element-36120f1 elementor-widget elementor-widget-heading\" data-id=\"36120f1\" data-element_type=\"widget\" data-widget_type=\"heading.default\">\n\t\t\t\t\t<h2 class=\"elementor-heading-title elementor-size-default\">Karolina Temet\u0151, J\u00f3zsefn\u00e9 Petr\u00e1s <\/h2>\t\t\t\t<\/div>\n\t\t\t\t\t<\/div>\n\t\t<\/div>\n\t\t\t\t\t<\/div>\n\t\t<\/section>\n\t\t<div class=\"elementor-element elementor-element-9ddceae e-flex e-con-boxed creativo-sticky-disabled e-con e-parent\" data-id=\"9ddceae\" data-element_type=\"container\" data-settings=\"{&quot;enable_creativo_sticky&quot;:&quot;disabled&quot;}\">\n\t\t\t\t\t<div class=\"e-con-inner\">\n\t\t<div class=\"elementor-element elementor-element-fbb0061 e-con-full e-flex creativo-sticky-disabled e-con e-child\" data-id=\"fbb0061\" data-element_type=\"container\" data-settings=\"{&quot;enable_creativo_sticky&quot;:&quot;disabled&quot;}\">\n\t\t\t\t<div class=\"elementor-element elementor-element-bd589fb elementor-widget elementor-widget-image\" data-id=\"bd589fb\" data-element_type=\"widget\" data-widget_type=\"image.default\">\n\t\t\t\t\t\t\t\t\t\t\t\t<figure class=\"wp-caption\">\n\t\t\t\t\t\t\t\t\t\t<img fetchpriority=\"high\" decoding=\"async\" width=\"640\" height=\"1018\" src=\"https:\/\/ferencviktoria.eu\/wp-content\/uploads\/2025\/10\/portre-III._petras_jozsefne_temeto_karolina_1938_nagybegany-644x1024.jpg\" class=\"attachment-large size-large wp-image-1063\" alt=\"Praying woman\" srcset=\"https:\/\/ferencviktoria.eu\/wp-content\/uploads\/2025\/10\/portre-III._petras_jozsefne_temeto_karolina_1938_nagybegany-644x1024.jpg 644w, https:\/\/ferencviktoria.eu\/wp-content\/uploads\/2025\/10\/portre-III._petras_jozsefne_temeto_karolina_1938_nagybegany-189x300.jpg 189w, https:\/\/ferencviktoria.eu\/wp-content\/uploads\/2025\/10\/portre-III._petras_jozsefne_temeto_karolina_1938_nagybegany.jpg 916w\" sizes=\"(max-width: 640px) 100vw, 640px\" \/>\t\t\t\t\t\t\t\t\t\t\t<figcaption class=\"widget-image-caption wp-caption-text\">Karolina Temet\u0151, J\u00f3zsefn\u00e9 Petr\u00e1s <\/figcaption>\n\t\t\t\t\t\t\t\t\t\t<\/figure>\n\t\t\t\t\t\t\t\t\t<\/div>\n\t\t\t\t<\/div>\n\t\t<div class=\"elementor-element elementor-element-1007e0a e-con-full e-flex creativo-sticky-disabled e-con e-child\" data-id=\"1007e0a\" data-element_type=\"container\" data-settings=\"{&quot;enable_creativo_sticky&quot;:&quot;disabled&quot;}\">\n\t\t\t\t<div class=\"elementor-element elementor-element-72d9e3b elementor-widget elementor-widget-text-editor\" data-id=\"72d9e3b\" data-element_type=\"widget\" data-widget_type=\"text-editor.default\">\n\t\t\t\t\t\t\t\t\t<p><strong>Grandma Karolina<\/strong><\/p>\n<p>My great-grandmother, Karolina Temet\u0151, n\u00e9e Petr\u00e1s J\u00f3zsefn\u00e9, was born in Nagyb\u00e9g\u00e1ny (Velyka Beihan) on June 12, 1881. Even as a child, she was a hard-working, industrious soul. She worked in the kitchen as an assistant, and later became the family cook, at the manor of the Nemes family, who lived in our village.<\/p>\n<p>The Nemes family grew very fond of her, and when she got married, they gave her the plot of land where we still live today as a gift. In 1905, they built a neat little house on it, the blueprints of which we still keep.<\/p>\n<p>Later, my great-grandparents decided that the head of the family would go to California to work, to secure a livelihood for the family. He succeeded in this, but the heavy burden of raising four children and managing the farm fell upon Grandma Linka.<\/p>\n<p>Then came World War I, the years of which she lived through alone with her children. Following that was the Treaty of Trianon. I remember her speaking tearfully about the day the villagers prayed together that they wouldn&#8217;t be separated from their homeland, but sadly, not even prayer saved Subcarpathia (K\u00e1rp\u00e1talja). The evil force unleashed in the 20th century was stronger than anything.<\/p>\n<p>Then came the family tragedies. Of their four children, they tragically and suddenly lost one of their sons in an accident.<\/p>\n<p>Not long after, World War II broke out, and then in 1944, the village&#8217;s more prosperous families were declared kulaks. Our family was betrayed by their own farmhands. Even though my great-grandmother provided them with generous wages and dinner for their families at home, the next morning the farmhands arrived with Soviet soldiers, red armbands on their arms, and dragged away my great-grandparents&#8217; son, P\u00e1l, for &#8220;three days of work&#8221;\u2014malenkij robot (forced labor). They took everything: machinery, tools, livestock, and even swept the attic clean. They left behind an empty yard and the empty bed of my great-grandparents&#8217; son. But of all this, my great-grandmother only mourned her child. She later received him back alive but disabled; my Uncle Pali was bedridden and immobile for 22 years.<\/p>\n<p>A short time later, her grandson, my father, was also taken from her to the Donbas. He was sentenced to 25 years in prison. He was released five years later, having lost the sight in one eye. Meanwhile, a Soviet military officer was billeted in our home. His wife plowed up the yard to plant potatoes there. Grandma Linka\u2014setting aside her pride\u2014knelt before her and begged them to leave the flowers, as she needed them for her son&#8217;s grave. The officer pointed a pistol at her and shouted: &#8220;Get out or I&#8217;ll shoot you!&#8221;<\/p>\t\t\t\t\t\t\t\t<\/div>\n\t\t\t\t<\/div>\n\t\t<div class=\"elementor-element elementor-element-6b95061 e-con-full e-flex creativo-sticky-disabled e-con e-child\" data-id=\"6b95061\" data-element_type=\"container\" data-settings=\"{&quot;enable_creativo_sticky&quot;:&quot;disabled&quot;}\">\n\t\t\t\t<div class=\"elementor-element elementor-element-efc473e elementor-widget elementor-widget-text-editor\" data-id=\"efc473e\" data-element_type=\"widget\" data-widget_type=\"text-editor.default\">\n\t\t\t\t\t\t\t\t\t<p>This was too much hardship for her. From so much crying\u2014evidently on a nervous basis\u2014she lost her sight, and lived the rest of her life this way.<\/p>\n<p>The many difficulties, sorrows, and grief did not shake her faith in God. She prayed a lot; every Sunday, she had to be led to church.<\/p>\n<p>I learned everything from her: to pray, to believe, and to trust in the Lord\u2014this is the most important thing! &#8220;Do not forget, my daughter, whatever sorrow befalls you, God loves best the one whose shoulders he places the heaviest burden on&#8221;\u2014she always comforted me with this whenever something troubled me.<\/p>\n<p>I did not have an average childhood, filled with carefree playing, like most children. But for this, I am grateful to the good Lord and to fate. I was born into living history; as a child, I felt and experienced the all-destroying power of communism. I helped in any way a child could. While my parents worked three shifts, and my grandmother tended the garden, the elderly were entrusted to me. I looked after my helpless Uncle Pali and my blind Grandma Linka. This is how I grew up amidst the sad tales written by life, between Prince \u00c1rgy\u00e9lus and Ilona the Fairy. And with beautiful church hymns and Hungarian folk songs that Grandma Linka sang and taught me in her clear, ringing voice.<\/p>\n<p>Now, decades later, at the end of Mass, the congregation in the church sings the Queen of the Rosary, and I am a child again; my voice falters, and I hear the old mother, feeling her trembling hand as she squeezes mine while we lead her.<\/p>\n<p>Jolika Petr\u00e1s, Nagyb\u00e9g\u00e1ny<\/p>\t\t\t\t\t\t\t\t<\/div>\n\t\t\t\t<\/div>\n\t\t\t\t\t<\/div>\n\t\t\t\t<\/div>\n\t\t\t\t<\/div>\n\t\t","protected":false},"excerpt":{"rendered":"<p>Karolina Temet\u0151, J\u00f3zsefn\u00e9 Petr\u00e1s Karolina Temet\u0151, J\u00f3zsefn\u00e9 Petr\u00e1s Grandma Karolina My great-grandmother, Karolina Temet\u0151, n\u00e9e Petr\u00e1s J\u00f3zsefn\u00e9, was born in Nagyb\u00e9g\u00e1ny (Velyka Beihan) on June 12, 1881. Even as a child, she was a hard-working, industrious soul. She worked in the kitchen as an assistant, and later became the family cook, at the manor of&#8230;<\/p>\n","protected":false},"author":2,"featured_media":0,"parent":1074,"menu_order":0,"comment_status":"closed","ping_status":"closed","template":"elementor_header_footer","meta":{"give_campaign_id":0,"_seopress_robots_primary_cat":"","_seopress_titles_title":"","_seopress_titles_desc":"","_seopress_robots_index":"","footnotes":""},"class_list":["post-847","page","type-page","status-publish","hentry"],"campaignId":"","_links":{"self":[{"href":"https:\/\/ferencviktoria.eu\/en\/wp-json\/wp\/v2\/pages\/847","targetHints":{"allow":["GET"]}}],"collection":[{"href":"https:\/\/ferencviktoria.eu\/en\/wp-json\/wp\/v2\/pages"}],"about":[{"href":"https:\/\/ferencviktoria.eu\/en\/wp-json\/wp\/v2\/types\/page"}],"author":[{"embeddable":true,"href":"https:\/\/ferencviktoria.eu\/en\/wp-json\/wp\/v2\/users\/2"}],"replies":[{"embeddable":true,"href":"https:\/\/ferencviktoria.eu\/en\/wp-json\/wp\/v2\/comments?post=847"}],"version-history":[{"count":15,"href":"https:\/\/ferencviktoria.eu\/en\/wp-json\/wp\/v2\/pages\/847\/revisions"}],"predecessor-version":[{"id":1494,"href":"https:\/\/ferencviktoria.eu\/en\/wp-json\/wp\/v2\/pages\/847\/revisions\/1494"}],"up":[{"embeddable":true,"href":"https:\/\/ferencviktoria.eu\/en\/wp-json\/wp\/v2\/pages\/1074"}],"wp:attachment":[{"href":"https:\/\/ferencviktoria.eu\/en\/wp-json\/wp\/v2\/media?parent=847"}],"curies":[{"name":"wp","href":"https:\/\/api.w.org\/{rel}","templated":true}]}}

Karolina Temető, Józsefné Petrás

<div data-elementor-type="wp-page" data-elementor-id="847" class="elementor elementor-847 elementor-826">
				<div class="elementor-element elementor-element-2c6a848 e-flex e-con-boxed creativo-sticky-disabled e-con e-parent" data-id="2c6a848" data-element_type="container" data-settings="{&quot;background_background&quot;:&quot;classic&quot;,&quot;enable_creativo_sticky&quot;:&quot;disabled&quot;}">
					<div class="e-con-inner">
				<div class="elementor-element elementor-element-76accaa elementor-widget elementor-widget-wp-widget-bcn_widget" data-id="76accaa" data-element_type="widget" data-widget_type="wp-widget-bcn_widget.default">
				<div class="elementor-widget-container">
					<div class="breadcrumbs" vocab="https://schema.org/" typeof="BreadcrumbList"></div>				</div>
				</div>
					</div>
				</div>
				<section class="elementor-section elementor-top-section elementor-element elementor-element-d0dbde1 elementor-section-boxed elementor-section-height-default elementor-section-height-default creativo-sticky-disabled" data-id="d0dbde1" data-element_type="section" data-settings="{&quot;background_background&quot;:&quot;classic&quot;,&quot;enable_creativo_sticky&quot;:&quot;disabled&quot;}">
							<div class="elementor-background-overlay"></div>
							<div class="elementor-container elementor-column-gap-default">
					<div class="elementor-column elementor-col-100 elementor-top-column elementor-element elementor-element-6ca4942" data-id="6ca4942" data-element_type="column">
			<div class="elementor-widget-wrap elementor-element-populated">
						<div class="elementor-element elementor-element-36120f1 elementor-widget elementor-widget-heading" data-id="36120f1" data-element_type="widget" data-widget_type="heading.default">
					<h2 class="elementor-heading-title elementor-size-default">Karolina Temető, Józsefné Petrás </h2>				</div>
					</div>
		</div>
					</div>
		</section>
		<div class="elementor-element elementor-element-9ddceae e-flex e-con-boxed creativo-sticky-disabled e-con e-parent" data-id="9ddceae" data-element_type="container" data-settings="{&quot;enable_creativo_sticky&quot;:&quot;disabled&quot;}">
					<div class="e-con-inner">
		<div class="elementor-element elementor-element-fbb0061 e-con-full e-flex creativo-sticky-disabled e-con e-child" data-id="fbb0061" data-element_type="container" data-settings="{&quot;enable_creativo_sticky&quot;:&quot;disabled&quot;}">
				<div class="elementor-element elementor-element-bd589fb elementor-widget elementor-widget-image" data-id="bd589fb" data-element_type="widget" data-widget_type="image.default">
												<figure class="wp-caption">
										<img fetchpriority="high" decoding="async" width="640" height="1018" src="https://ferencviktoria.eu/wp-content/uploads/2025/10/portre-III._petras_jozsefne_temeto_karolina_1938_nagybegany-644x1024.jpg" class="attachment-large size-large wp-image-1063" alt="Praying woman" srcset="https://ferencviktoria.eu/wp-content/uploads/2025/10/portre-III._petras_jozsefne_temeto_karolina_1938_nagybegany-644x1024.jpg 644w, https://ferencviktoria.eu/wp-content/uploads/2025/10/portre-III._petras_jozsefne_temeto_karolina_1938_nagybegany-189x300.jpg 189w, https://ferencviktoria.eu/wp-content/uploads/2025/10/portre-III._petras_jozsefne_temeto_karolina_1938_nagybegany.jpg 916w" sizes="(max-width: 640px) 100vw, 640px" />											<figcaption class="widget-image-caption wp-caption-text">Karolina Temető, Józsefné Petrás </figcaption>
										</figure>
									</div>
				</div>
		<div class="elementor-element elementor-element-1007e0a e-con-full e-flex creativo-sticky-disabled e-con e-child" data-id="1007e0a" data-element_type="container" data-settings="{&quot;enable_creativo_sticky&quot;:&quot;disabled&quot;}">
				<div class="elementor-element elementor-element-72d9e3b elementor-widget elementor-widget-text-editor" data-id="72d9e3b" data-element_type="widget" data-widget_type="text-editor.default">
									<p><strong>Grandma Karolina</strong></p>
<p>My great-grandmother, Karolina Temető, née Petrás Józsefné, was born in Nagybégány (Velyka Beihan) on June 12, 1881. Even as a child, she was a hard-working, industrious soul. She worked in the kitchen as an assistant, and later became the family cook, at the manor of the Nemes family, who lived in our village.</p>
<p>The Nemes family grew very fond of her, and when she got married, they gave her the plot of land where we still live today as a gift. In 1905, they built a neat little house on it, the blueprints of which we still keep.</p>
<p>Later, my great-grandparents decided that the head of the family would go to California to work, to secure a livelihood for the family. He succeeded in this, but the heavy burden of raising four children and managing the farm fell upon Grandma Linka.</p>
<p>Then came World War I, the years of which she lived through alone with her children. Following that was the Treaty of Trianon. I remember her speaking tearfully about the day the villagers prayed together that they wouldn&#8217;t be separated from their homeland, but sadly, not even prayer saved Subcarpathia (Kárpátalja). The evil force unleashed in the 20th century was stronger than anything.</p>
<p>Then came the family tragedies. Of their four children, they tragically and suddenly lost one of their sons in an accident.</p>
<p>Not long after, World War II broke out, and then in 1944, the village&#8217;s more prosperous families were declared kulaks. Our family was betrayed by their own farmhands. Even though my great-grandmother provided them with generous wages and dinner for their families at home, the next morning the farmhands arrived with Soviet soldiers, red armbands on their arms, and dragged away my great-grandparents&#8217; son, Pál, for &#8220;three days of work&#8221;—malenkij robot (forced labor). They took everything: machinery, tools, livestock, and even swept the attic clean. They left behind an empty yard and the empty bed of my great-grandparents&#8217; son. But of all this, my great-grandmother only mourned her child. She later received him back alive but disabled; my Uncle Pali was bedridden and immobile for 22 years.</p>
<p>A short time later, her grandson, my father, was also taken from her to the Donbas. He was sentenced to 25 years in prison. He was released five years later, having lost the sight in one eye. Meanwhile, a Soviet military officer was billeted in our home. His wife plowed up the yard to plant potatoes there. Grandma Linka—setting aside her pride—knelt before her and begged them to leave the flowers, as she needed them for her son&#8217;s grave. The officer pointed a pistol at her and shouted: &#8220;Get out or I&#8217;ll shoot you!&#8221;</p>								</div>
				</div>
		<div class="elementor-element elementor-element-6b95061 e-con-full e-flex creativo-sticky-disabled e-con e-child" data-id="6b95061" data-element_type="container" data-settings="{&quot;enable_creativo_sticky&quot;:&quot;disabled&quot;}">
				<div class="elementor-element elementor-element-efc473e elementor-widget elementor-widget-text-editor" data-id="efc473e" data-element_type="widget" data-widget_type="text-editor.default">
									<p>This was too much hardship for her. From so much crying—evidently on a nervous basis—she lost her sight, and lived the rest of her life this way.</p>
<p>The many difficulties, sorrows, and grief did not shake her faith in God. She prayed a lot; every Sunday, she had to be led to church.</p>
<p>I learned everything from her: to pray, to believe, and to trust in the Lord—this is the most important thing! &#8220;Do not forget, my daughter, whatever sorrow befalls you, God loves best the one whose shoulders he places the heaviest burden on&#8221;—she always comforted me with this whenever something troubled me.</p>
<p>I did not have an average childhood, filled with carefree playing, like most children. But for this, I am grateful to the good Lord and to fate. I was born into living history; as a child, I felt and experienced the all-destroying power of communism. I helped in any way a child could. While my parents worked three shifts, and my grandmother tended the garden, the elderly were entrusted to me. I looked after my helpless Uncle Pali and my blind Grandma Linka. This is how I grew up amidst the sad tales written by life, between Prince Árgyélus and Ilona the Fairy. And with beautiful church hymns and Hungarian folk songs that Grandma Linka sang and taught me in her clear, ringing voice.</p>
<p>Now, decades later, at the end of Mass, the congregation in the church sings the Queen of the Rosary, and I am a child again; my voice falters, and I hear the old mother, feeling her trembling hand as she squeezes mine while we lead her.</p>
<p>Jolika Petrás, Nagybégány</p>								</div>
				</div>
					</div>
				</div>
				</div>

<p>Karolina Temető, Józsefné Petrás Karolina Temető, Józsefné Petrás Grandma Karolina My great-grandmother, Karolina Temető, née Petrás Józsefné, was born in Nagybégány (Velyka Beihan) on June 12, 1881. Even as a child, she was a hard-working, industrious soul. She worked in the kitchen as an assistant, and later became the family cook, at the manor of&#8230;</p>
