{"id":842,"date":"2025-10-01T14:36:40","date_gmt":"2025-10-01T12:36:40","guid":{"rendered":"https:\/\/ferencviktoria.eu\/9th-transcarpathian-day-in-brussels\/maria-teofila-manajlo\/"},"modified":"2025-11-18T11:02:02","modified_gmt":"2025-11-18T10:02:02","slug":"sisters","status":"publish","type":"page","link":"https:\/\/ferencviktoria.eu\/en\/transcarpathian-day-in-brussels\/faces-from-the-past\/sisters\/","title":{"rendered":"M\u00e1ria Teofila Manajl\u00f3"},"content":{"rendered":"\t\t<div data-elementor-type=\"wp-page\" data-elementor-id=\"842\" class=\"elementor elementor-842 elementor-820\">\n\t\t\t\t<div class=\"elementor-element elementor-element-27efaf3 e-flex e-con-boxed creativo-sticky-disabled e-con e-parent\" data-id=\"27efaf3\" data-element_type=\"container\" data-settings=\"{&quot;background_background&quot;:&quot;classic&quot;,&quot;enable_creativo_sticky&quot;:&quot;disabled&quot;}\">\n\t\t\t\t\t<div class=\"e-con-inner\">\n\t\t\t\t<div class=\"elementor-element elementor-element-abe02a4 elementor-widget elementor-widget-wp-widget-bcn_widget\" data-id=\"abe02a4\" data-element_type=\"widget\" data-widget_type=\"wp-widget-bcn_widget.default\">\n\t\t\t\t<div class=\"elementor-widget-container\">\n\t\t\t\t\t<div class=\"breadcrumbs\" vocab=\"https:\/\/schema.org\/\" typeof=\"BreadcrumbList\"><\/div>\t\t\t\t<\/div>\n\t\t\t\t<\/div>\n\t\t\t\t\t<\/div>\n\t\t\t\t<\/div>\n\t\t\t\t<section class=\"elementor-section elementor-top-section elementor-element elementor-element-5f6e792 elementor-section-boxed elementor-section-height-default elementor-section-height-default creativo-sticky-disabled\" data-id=\"5f6e792\" data-element_type=\"section\" data-settings=\"{&quot;background_background&quot;:&quot;classic&quot;,&quot;enable_creativo_sticky&quot;:&quot;disabled&quot;}\">\n\t\t\t\t\t\t\t<div class=\"elementor-background-overlay\"><\/div>\n\t\t\t\t\t\t\t<div class=\"elementor-container elementor-column-gap-default\">\n\t\t\t\t\t<div class=\"elementor-column elementor-col-100 elementor-top-column elementor-element elementor-element-3ff0200\" data-id=\"3ff0200\" data-element_type=\"column\">\n\t\t\t<div class=\"elementor-widget-wrap elementor-element-populated\">\n\t\t\t\t\t\t<div class=\"elementor-element elementor-element-c840c75 elementor-widget elementor-widget-heading\" data-id=\"c840c75\" data-element_type=\"widget\" data-widget_type=\"heading.default\">\n\t\t\t\t\t<h2 class=\"elementor-heading-title elementor-size-default\">M\u00e1ria Teofila Manajl\u00f3<\/h2>\t\t\t\t<\/div>\n\t\t\t\t\t<\/div>\n\t\t<\/div>\n\t\t\t\t\t<\/div>\n\t\t<\/section>\n\t\t<div class=\"elementor-element elementor-element-0b90b6a e-flex e-con-boxed creativo-sticky-disabled e-con e-parent\" data-id=\"0b90b6a\" data-element_type=\"container\" data-settings=\"{&quot;enable_creativo_sticky&quot;:&quot;disabled&quot;}\">\n\t\t\t\t\t<div class=\"e-con-inner\">\n\t\t<div class=\"elementor-element elementor-element-e169e50 e-con-full e-flex creativo-sticky-disabled e-con e-child\" data-id=\"e169e50\" data-element_type=\"container\" data-settings=\"{&quot;enable_creativo_sticky&quot;:&quot;disabled&quot;}\">\n\t\t\t\t<div class=\"elementor-element elementor-element-a0fdea9 elementor-widget elementor-widget-image\" data-id=\"a0fdea9\" data-element_type=\"widget\" data-widget_type=\"image.default\">\n\t\t\t\t\t\t\t\t\t\t\t\t<figure class=\"wp-caption\">\n\t\t\t\t\t\t\t\t\t\t<img fetchpriority=\"high\" decoding=\"async\" width=\"640\" height=\"523\" src=\"https:\/\/ferencviktoria.eu\/wp-content\/uploads\/2025\/10\/noverek-1024x836.jpg\" class=\"attachment-large size-large wp-image-1050\" alt=\"Sisters\" srcset=\"https:\/\/ferencviktoria.eu\/wp-content\/uploads\/2025\/10\/noverek-1024x836.jpg 1024w, https:\/\/ferencviktoria.eu\/wp-content\/uploads\/2025\/10\/noverek-300x245.jpg 300w, https:\/\/ferencviktoria.eu\/wp-content\/uploads\/2025\/10\/noverek-1536x1255.jpg 1536w, https:\/\/ferencviktoria.eu\/wp-content\/uploads\/2025\/10\/noverek-2048x1673.jpg 2048w\" sizes=\"(max-width: 640px) 100vw, 640px\" \/>\t\t\t\t\t\t\t\t\t\t\t<figcaption class=\"widget-image-caption wp-caption-text\">M\u00e1ria Teofila Manajl\u00f3<\/figcaption>\n\t\t\t\t\t\t\t\t\t\t<\/figure>\n\t\t\t\t\t\t\t\t\t<\/div>\n\t\t\t\t<\/div>\n\t\t<div class=\"elementor-element elementor-element-b6cf05e e-con-full e-flex creativo-sticky-disabled e-con e-child\" data-id=\"b6cf05e\" data-element_type=\"container\" data-settings=\"{&quot;enable_creativo_sticky&quot;:&quot;disabled&quot;}\">\n\t\t\t\t<div class=\"elementor-element elementor-element-d072318 elementor-widget elementor-widget-text-editor\" data-id=\"d072318\" data-element_type=\"widget\" data-widget_type=\"text-editor.default\">\n\t\t\t\t\t\t\t\t\t<p>The name of Sister M\u00e1ria Teofila Manajl\u00f3, a Basilian nun, is linked by many to that of Blessed Teodor Romzsa (Theodore Romzha), as the nun cared for the bishop, who was the victim of an assassination attempt, during his final days in October 1947.<\/p>\n<p>Sister Teofila, who herself endured a labor camp, only dared to speak decades later about what happened in the Mukachevo hospital and how the Soviet regime executed the confessor bishop.<\/p>\n<p>Sister Teofila was born M\u00e1ria Manajl\u00f3 on March 28, 1920, in Ungv\u00e1r (Uzhhorod). She grew up in a Greek Catholic priestly family; her father was Father P\u00e1l Manajl\u00f3 and her mother was Ir\u00e9n Kopcsay. Of her six siblings, three became Basilian nuns.<\/p>\n<p>After finishing elementary and secondary school in Ungv\u00e1r, and then the teacher training college, she herself entered the Basilian Order in 1936. She took her perpetual vows in 1945.<\/p>\n<p>She served as the nurse for Bishop Teodor Romzsa\u2014who had been attacked and severely wounded by Soviet agents\u2014at the Mukachevo hospital between October 27 and 31, 1947.<\/p>\n<p>She spent days vigilantly watching over the bishop, who was already recovering. However, she was lured out of the ward for a few minutes, and while she was away, a KGB agent disguised as a cleaning woman administered a fatal injection to Bishop Romzsa, who died instantly. Sister Teofila, upon returning to the ward, could do nothing for him.<\/p>\t\t\t\t\t\t\t\t<\/div>\n\t\t\t\t<\/div>\n\t\t<div class=\"elementor-element elementor-element-47ea7c4 e-con-full e-flex creativo-sticky-disabled e-con e-child\" data-id=\"47ea7c4\" data-element_type=\"container\" data-settings=\"{&quot;enable_creativo_sticky&quot;:&quot;disabled&quot;}\">\n\t\t\t\t<div class=\"elementor-element elementor-element-64fc23e elementor-widget elementor-widget-text-editor\" data-id=\"64fc23e\" data-element_type=\"widget\" data-widget_type=\"text-editor.default\">\n\t\t\t\t\t\t\t\t\t<p>Her trials, however, were just beginning. She was arrested on January 26, 1948. They tried to prove that she had been complicit in the murder of Teodor Romzsa. She was interrogated in Kyiv for six months, and since they failed to convict her of the murder, she was sentenced on August 21, 1948, on other charges, to ten years of forced labor, five years of deprivation of civil rights, and confiscation of property. She was imprisoned in the territory of the Mordovian ASSR, working as a nurse in the camp hospital.<\/p>\n<p>She was released home in 1955. She moved to Ungv\u00e1r to live with her sister and worked as a nurse at the city hospital until her retirement in 1990. Alongside her secular work, she remained faithful to her monastic vows: she cared for patients outside the hospital, visited the elderly, and prayed.<\/p>\n<p>In 1989, she was acquitted of the 1948 charges and rehabilitated. She lived to see the legalization of the Greek Catholic Church.<\/p>\n<p>In 1990, she documented the circumstances of Bishop Romzsa&#8217;s murder. She participated in the identification of Bishop Romzsa&#8217;s relics.<\/p>\n<p>Sister Teofila passed away in Ungv\u00e1r on January 5, 2007, at the age of 87, in the 61st year of her religious life.<\/p>\t\t\t\t\t\t\t\t<\/div>\n\t\t\t\t<\/div>\n\t\t\t\t\t<\/div>\n\t\t\t\t<\/div>\n\t\t\t\t<\/div>\n\t\t","protected":false},"excerpt":{"rendered":"<p>M\u00e1ria Teofila Manajl\u00f3 M\u00e1ria Teofila Manajl\u00f3 The name of Sister M\u00e1ria Teofila Manajl\u00f3, a Basilian nun, is linked by many to that of Blessed Teodor Romzsa (Theodore Romzha), as the nun cared for the bishop, who was the victim of an assassination attempt, during his final days in October 1947. Sister Teofila, who herself endured&#8230;<\/p>\n","protected":false},"author":2,"featured_media":0,"parent":1074,"menu_order":0,"comment_status":"closed","ping_status":"closed","template":"elementor_header_footer","meta":{"give_campaign_id":0,"_seopress_robots_primary_cat":"","_seopress_titles_title":"","_seopress_titles_desc":"","_seopress_robots_index":"","footnotes":""},"class_list":["post-842","page","type-page","status-publish","hentry"],"campaignId":"","_links":{"self":[{"href":"https:\/\/ferencviktoria.eu\/en\/wp-json\/wp\/v2\/pages\/842","targetHints":{"allow":["GET"]}}],"collection":[{"href":"https:\/\/ferencviktoria.eu\/en\/wp-json\/wp\/v2\/pages"}],"about":[{"href":"https:\/\/ferencviktoria.eu\/en\/wp-json\/wp\/v2\/types\/page"}],"author":[{"embeddable":true,"href":"https:\/\/ferencviktoria.eu\/en\/wp-json\/wp\/v2\/users\/2"}],"replies":[{"embeddable":true,"href":"https:\/\/ferencviktoria.eu\/en\/wp-json\/wp\/v2\/comments?post=842"}],"version-history":[{"count":5,"href":"https:\/\/ferencviktoria.eu\/en\/wp-json\/wp\/v2\/pages\/842\/revisions"}],"predecessor-version":[{"id":1463,"href":"https:\/\/ferencviktoria.eu\/en\/wp-json\/wp\/v2\/pages\/842\/revisions\/1463"}],"up":[{"embeddable":true,"href":"https:\/\/ferencviktoria.eu\/en\/wp-json\/wp\/v2\/pages\/1074"}],"wp:attachment":[{"href":"https:\/\/ferencviktoria.eu\/en\/wp-json\/wp\/v2\/media?parent=842"}],"curies":[{"name":"wp","href":"https:\/\/api.w.org\/{rel}","templated":true}]}}

Mária Teofila Manajló

<div data-elementor-type="wp-page" data-elementor-id="842" class="elementor elementor-842 elementor-820">
				<div class="elementor-element elementor-element-27efaf3 e-flex e-con-boxed creativo-sticky-disabled e-con e-parent" data-id="27efaf3" data-element_type="container" data-settings="{&quot;background_background&quot;:&quot;classic&quot;,&quot;enable_creativo_sticky&quot;:&quot;disabled&quot;}">
					<div class="e-con-inner">
				<div class="elementor-element elementor-element-abe02a4 elementor-widget elementor-widget-wp-widget-bcn_widget" data-id="abe02a4" data-element_type="widget" data-widget_type="wp-widget-bcn_widget.default">
				<div class="elementor-widget-container">
					<div class="breadcrumbs" vocab="https://schema.org/" typeof="BreadcrumbList"></div>				</div>
				</div>
					</div>
				</div>
				<section class="elementor-section elementor-top-section elementor-element elementor-element-5f6e792 elementor-section-boxed elementor-section-height-default elementor-section-height-default creativo-sticky-disabled" data-id="5f6e792" data-element_type="section" data-settings="{&quot;background_background&quot;:&quot;classic&quot;,&quot;enable_creativo_sticky&quot;:&quot;disabled&quot;}">
							<div class="elementor-background-overlay"></div>
							<div class="elementor-container elementor-column-gap-default">
					<div class="elementor-column elementor-col-100 elementor-top-column elementor-element elementor-element-3ff0200" data-id="3ff0200" data-element_type="column">
			<div class="elementor-widget-wrap elementor-element-populated">
						<div class="elementor-element elementor-element-c840c75 elementor-widget elementor-widget-heading" data-id="c840c75" data-element_type="widget" data-widget_type="heading.default">
					<h2 class="elementor-heading-title elementor-size-default">Mária Teofila Manajló</h2>				</div>
					</div>
		</div>
					</div>
		</section>
		<div class="elementor-element elementor-element-0b90b6a e-flex e-con-boxed creativo-sticky-disabled e-con e-parent" data-id="0b90b6a" data-element_type="container" data-settings="{&quot;enable_creativo_sticky&quot;:&quot;disabled&quot;}">
					<div class="e-con-inner">
		<div class="elementor-element elementor-element-e169e50 e-con-full e-flex creativo-sticky-disabled e-con e-child" data-id="e169e50" data-element_type="container" data-settings="{&quot;enable_creativo_sticky&quot;:&quot;disabled&quot;}">
				<div class="elementor-element elementor-element-a0fdea9 elementor-widget elementor-widget-image" data-id="a0fdea9" data-element_type="widget" data-widget_type="image.default">
												<figure class="wp-caption">
										<img fetchpriority="high" decoding="async" width="640" height="523" src="https://ferencviktoria.eu/wp-content/uploads/2025/10/noverek-1024x836.jpg" class="attachment-large size-large wp-image-1050" alt="Sisters" srcset="https://ferencviktoria.eu/wp-content/uploads/2025/10/noverek-1024x836.jpg 1024w, https://ferencviktoria.eu/wp-content/uploads/2025/10/noverek-300x245.jpg 300w, https://ferencviktoria.eu/wp-content/uploads/2025/10/noverek-1536x1255.jpg 1536w, https://ferencviktoria.eu/wp-content/uploads/2025/10/noverek-2048x1673.jpg 2048w" sizes="(max-width: 640px) 100vw, 640px" />											<figcaption class="widget-image-caption wp-caption-text">Mária Teofila Manajló</figcaption>
										</figure>
									</div>
				</div>
		<div class="elementor-element elementor-element-b6cf05e e-con-full e-flex creativo-sticky-disabled e-con e-child" data-id="b6cf05e" data-element_type="container" data-settings="{&quot;enable_creativo_sticky&quot;:&quot;disabled&quot;}">
				<div class="elementor-element elementor-element-d072318 elementor-widget elementor-widget-text-editor" data-id="d072318" data-element_type="widget" data-widget_type="text-editor.default">
									<p>The name of Sister Mária Teofila Manajló, a Basilian nun, is linked by many to that of Blessed Teodor Romzsa (Theodore Romzha), as the nun cared for the bishop, who was the victim of an assassination attempt, during his final days in October 1947.</p>
<p>Sister Teofila, who herself endured a labor camp, only dared to speak decades later about what happened in the Mukachevo hospital and how the Soviet regime executed the confessor bishop.</p>
<p>Sister Teofila was born Mária Manajló on March 28, 1920, in Ungvár (Uzhhorod). She grew up in a Greek Catholic priestly family; her father was Father Pál Manajló and her mother was Irén Kopcsay. Of her six siblings, three became Basilian nuns.</p>
<p>After finishing elementary and secondary school in Ungvár, and then the teacher training college, she herself entered the Basilian Order in 1936. She took her perpetual vows in 1945.</p>
<p>She served as the nurse for Bishop Teodor Romzsa—who had been attacked and severely wounded by Soviet agents—at the Mukachevo hospital between October 27 and 31, 1947.</p>
<p>She spent days vigilantly watching over the bishop, who was already recovering. However, she was lured out of the ward for a few minutes, and while she was away, a KGB agent disguised as a cleaning woman administered a fatal injection to Bishop Romzsa, who died instantly. Sister Teofila, upon returning to the ward, could do nothing for him.</p>								</div>
				</div>
		<div class="elementor-element elementor-element-47ea7c4 e-con-full e-flex creativo-sticky-disabled e-con e-child" data-id="47ea7c4" data-element_type="container" data-settings="{&quot;enable_creativo_sticky&quot;:&quot;disabled&quot;}">
				<div class="elementor-element elementor-element-64fc23e elementor-widget elementor-widget-text-editor" data-id="64fc23e" data-element_type="widget" data-widget_type="text-editor.default">
									<p>Her trials, however, were just beginning. She was arrested on January 26, 1948. They tried to prove that she had been complicit in the murder of Teodor Romzsa. She was interrogated in Kyiv for six months, and since they failed to convict her of the murder, she was sentenced on August 21, 1948, on other charges, to ten years of forced labor, five years of deprivation of civil rights, and confiscation of property. She was imprisoned in the territory of the Mordovian ASSR, working as a nurse in the camp hospital.</p>
<p>She was released home in 1955. She moved to Ungvár to live with her sister and worked as a nurse at the city hospital until her retirement in 1990. Alongside her secular work, she remained faithful to her monastic vows: she cared for patients outside the hospital, visited the elderly, and prayed.</p>
<p>In 1989, she was acquitted of the 1948 charges and rehabilitated. She lived to see the legalization of the Greek Catholic Church.</p>
<p>In 1990, she documented the circumstances of Bishop Romzsa&#8217;s murder. She participated in the identification of Bishop Romzsa&#8217;s relics.</p>
<p>Sister Teofila passed away in Ungvár on January 5, 2007, at the age of 87, in the 61st year of her religious life.</p>								</div>
				</div>
					</div>
				</div>
				</div>

<p>Mária Teofila Manajló Mária Teofila Manajló The name of Sister Mária Teofila Manajló, a Basilian nun, is linked by many to that of Blessed Teodor Romzsa (Theodore Romzha), as the nun cared for the bishop, who was the victim of an assassination attempt, during his final days in October 1947. Sister Teofila, who herself endured&#8230;</p>
