{"id":838,"date":"2025-10-01T14:31:17","date_gmt":"2025-10-01T12:31:17","guid":{"rendered":"https:\/\/ferencviktoria.eu\/9th-transcarpathian-day-in-brussels\/gizella-dravai\/"},"modified":"2025-11-18T11:00:57","modified_gmt":"2025-11-18T10:00:57","slug":"teacher","status":"publish","type":"page","link":"https:\/\/ferencviktoria.eu\/en\/transcarpathian-day-in-brussels\/faces-from-the-past\/teacher\/","title":{"rendered":"Gizella Dr\u00e1vai"},"content":{"rendered":"\t\t<div data-elementor-type=\"wp-page\" data-elementor-id=\"838\" class=\"elementor elementor-838 elementor-814\">\n\t\t\t\t<div class=\"elementor-element elementor-element-2ac81f8 e-flex e-con-boxed creativo-sticky-disabled e-con e-parent\" data-id=\"2ac81f8\" data-element_type=\"container\" data-settings=\"{&quot;background_background&quot;:&quot;classic&quot;,&quot;enable_creativo_sticky&quot;:&quot;disabled&quot;}\">\n\t\t\t\t\t<div class=\"e-con-inner\">\n\t\t\t\t<div class=\"elementor-element elementor-element-8384be8 elementor-widget elementor-widget-wp-widget-bcn_widget\" data-id=\"8384be8\" data-element_type=\"widget\" data-widget_type=\"wp-widget-bcn_widget.default\">\n\t\t\t\t<div class=\"elementor-widget-container\">\n\t\t\t\t\t<div class=\"breadcrumbs\" vocab=\"https:\/\/schema.org\/\" typeof=\"BreadcrumbList\"><\/div>\t\t\t\t<\/div>\n\t\t\t\t<\/div>\n\t\t\t\t\t<\/div>\n\t\t\t\t<\/div>\n\t\t\t\t<section class=\"elementor-section elementor-top-section elementor-element elementor-element-53220ca elementor-section-boxed elementor-section-height-default elementor-section-height-default creativo-sticky-disabled\" data-id=\"53220ca\" data-element_type=\"section\" data-settings=\"{&quot;background_background&quot;:&quot;classic&quot;,&quot;enable_creativo_sticky&quot;:&quot;disabled&quot;}\">\n\t\t\t\t\t\t\t<div class=\"elementor-background-overlay\"><\/div>\n\t\t\t\t\t\t\t<div class=\"elementor-container elementor-column-gap-default\">\n\t\t\t\t\t<div class=\"elementor-column elementor-col-100 elementor-top-column elementor-element elementor-element-ceeb903\" data-id=\"ceeb903\" data-element_type=\"column\">\n\t\t\t<div class=\"elementor-widget-wrap elementor-element-populated\">\n\t\t\t\t\t\t<div class=\"elementor-element elementor-element-64b0b5f elementor-widget elementor-widget-heading\" data-id=\"64b0b5f\" data-element_type=\"widget\" data-widget_type=\"heading.default\">\n\t\t\t\t\t<h2 class=\"elementor-heading-title elementor-size-default\">Gizella Dr\u00e1vai<\/h2>\t\t\t\t<\/div>\n\t\t\t\t\t<\/div>\n\t\t<\/div>\n\t\t\t\t\t<\/div>\n\t\t<\/section>\n\t\t<div class=\"elementor-element elementor-element-80d52b3 e-flex e-con-boxed creativo-sticky-disabled e-con e-parent\" data-id=\"80d52b3\" data-element_type=\"container\" data-settings=\"{&quot;enable_creativo_sticky&quot;:&quot;disabled&quot;}\">\n\t\t\t\t\t<div class=\"e-con-inner\">\n\t\t<div class=\"elementor-element elementor-element-12992b8 e-con-full e-flex creativo-sticky-disabled e-con e-child\" data-id=\"12992b8\" data-element_type=\"container\" data-settings=\"{&quot;enable_creativo_sticky&quot;:&quot;disabled&quot;}\">\n\t\t\t\t<div class=\"elementor-element elementor-element-1d7bed1 elementor-widget elementor-widget-image\" data-id=\"1d7bed1\" data-element_type=\"widget\" data-widget_type=\"image.default\">\n\t\t\t\t\t\t\t\t\t\t\t\t<figure class=\"wp-caption\">\n\t\t\t\t\t\t\t\t\t\t<img fetchpriority=\"high\" decoding=\"async\" width=\"640\" height=\"893\" src=\"https:\/\/ferencviktoria.eu\/wp-content\/uploads\/2025\/10\/portre-II_-734x1024.jpg\" class=\"attachment-large size-large wp-image-1045\" alt=\"Teacher\" srcset=\"https:\/\/ferencviktoria.eu\/wp-content\/uploads\/2025\/10\/portre-II_-734x1024.jpg 734w, https:\/\/ferencviktoria.eu\/wp-content\/uploads\/2025\/10\/portre-II_-215x300.jpg 215w, https:\/\/ferencviktoria.eu\/wp-content\/uploads\/2025\/10\/portre-II_-1100x1536.jpg 1100w, https:\/\/ferencviktoria.eu\/wp-content\/uploads\/2025\/10\/portre-II_-1467x2048.jpg 1467w, https:\/\/ferencviktoria.eu\/wp-content\/uploads\/2025\/10\/portre-II_.jpg 1791w\" sizes=\"(max-width: 640px) 100vw, 640px\" \/>\t\t\t\t\t\t\t\t\t\t\t<figcaption class=\"widget-image-caption wp-caption-text\">Gizella Dr\u00e1vai<\/figcaption>\n\t\t\t\t\t\t\t\t\t\t<\/figure>\n\t\t\t\t\t\t\t\t\t<\/div>\n\t\t\t\t<\/div>\n\t\t<div class=\"elementor-element elementor-element-b2977d7 e-con-full e-flex creativo-sticky-disabled e-con e-child\" data-id=\"b2977d7\" data-element_type=\"container\" data-settings=\"{&quot;enable_creativo_sticky&quot;:&quot;disabled&quot;}\">\n\t\t\t\t<div class=\"elementor-element elementor-element-21611f1 elementor-widget elementor-widget-text-editor\" data-id=\"21611f1\" data-element_type=\"widget\" data-widget_type=\"text-editor.default\">\n\t\t\t\t\t\t\t\t\t<p>Gizella Dr\u00e1vai (1911\u20131981), educator, writer, poet, of Beregsz\u00e1sz (Berehove)<\/p><p>Gizella Dr\u00e1vai was a decisive figure in the culture of the whole of Subcarpathia (K\u00e1rp\u00e1talja). She helped many educators, writers, poets, and public figures realize their professional calling.<\/p><p>She was born on May 8, 1911, in Kov\u00e1sz\u00f3 (Kvasovo) into the family of Jen\u0151 Legeza, a Greek Catholic priest, and Gizella Skira. She was only four years old when her father unexpectedly passed away.<\/p><p>She and her mother then moved to Beregsz\u00e1sz (Berehove). Gizella completed her civilian school there, and then prepared for a teaching career. She worked for a year at the K\u00e1lvin Printing House in Beregsz\u00e1sz, and then studied at the teacher training college in Ungv\u00e1r (Uzhhorod).<\/p><p>She married, and although she did not have children from her marriage, she became the adopted mother of hundreds of children.<\/p><p>During her teaching career, she taught at several schools in Bereg County in addition to the two Hungarian-language schools in Beregsz\u00e1sz.<\/p><p>She offered this opinion on teaching: <em>&#8220;The truth is that teaching is not a heart-felt career choice for everyone. Strong will enables the less talented educator to achieve great things, whereas a lack of perseverance means that many talented contemporaries do not fulfill the hopes placed in them. The latter is very unfortunate, because every lost potential represents a loss for society.&#8221;<\/em><\/p><p>She was more than just a teacher: she wrote textbooks and methodological books, translated, published in newspapers, and mentored writers and poets.<\/p><p>In 1952, she founded a Hungarian literary studio in Beregsz\u00e1sz.<\/p><p>M\u00e1ria Punyk\u00f3, one of her students, remembers her this way: <em>&#8220;\u2026Besides loving children, she also saw the potential abilities within them and strove to unleash them. As B\u00e9la Erd\u00e9lyi said about her: she was yeast that set others in motion. She paved the way for everyone in whom she saw a spark of talent. Many regarded her as a role model, a champion of the Hungarian language, and a custodian of Hungarian culture. She gave us not only knowledge but also a worldview. I inherited everything from her after my parents.&#8221;<\/em><\/p><p>Gizella Dr\u00e1vai passed away on August 28, 1981.<\/p>\t\t\t\t\t\t\t\t<\/div>\n\t\t\t\t<\/div>\n\t\t\t\t\t<\/div>\n\t\t\t\t<\/div>\n\t\t\t\t<\/div>\n\t\t","protected":false},"excerpt":{"rendered":"<p>Gizella Dr\u00e1vai Gizella Dr\u00e1vai Gizella Dr\u00e1vai (1911\u20131981), educator, writer, poet, of Beregsz\u00e1sz (Berehove) Gizella Dr\u00e1vai was a decisive figure in the culture of the whole of Subcarpathia (K\u00e1rp\u00e1talja). She helped many educators, writers, poets, and public figures realize their professional calling. She was born on May 8, 1911, in Kov\u00e1sz\u00f3 (Kvasovo) into the family of&#8230;<\/p>\n","protected":false},"author":2,"featured_media":0,"parent":1074,"menu_order":0,"comment_status":"closed","ping_status":"closed","template":"elementor_header_footer","meta":{"give_campaign_id":0,"_seopress_robots_primary_cat":"","_seopress_titles_title":"","_seopress_titles_desc":"","_seopress_robots_index":"","footnotes":""},"class_list":["post-838","page","type-page","status-publish","hentry"],"campaignId":"","_links":{"self":[{"href":"https:\/\/ferencviktoria.eu\/en\/wp-json\/wp\/v2\/pages\/838","targetHints":{"allow":["GET"]}}],"collection":[{"href":"https:\/\/ferencviktoria.eu\/en\/wp-json\/wp\/v2\/pages"}],"about":[{"href":"https:\/\/ferencviktoria.eu\/en\/wp-json\/wp\/v2\/types\/page"}],"author":[{"embeddable":true,"href":"https:\/\/ferencviktoria.eu\/en\/wp-json\/wp\/v2\/users\/2"}],"replies":[{"embeddable":true,"href":"https:\/\/ferencviktoria.eu\/en\/wp-json\/wp\/v2\/comments?post=838"}],"version-history":[{"count":15,"href":"https:\/\/ferencviktoria.eu\/en\/wp-json\/wp\/v2\/pages\/838\/revisions"}],"predecessor-version":[{"id":1515,"href":"https:\/\/ferencviktoria.eu\/en\/wp-json\/wp\/v2\/pages\/838\/revisions\/1515"}],"up":[{"embeddable":true,"href":"https:\/\/ferencviktoria.eu\/en\/wp-json\/wp\/v2\/pages\/1074"}],"wp:attachment":[{"href":"https:\/\/ferencviktoria.eu\/en\/wp-json\/wp\/v2\/media?parent=838"}],"curies":[{"name":"wp","href":"https:\/\/api.w.org\/{rel}","templated":true}]}}

Gizella Drávai

<div data-elementor-type="wp-page" data-elementor-id="838" class="elementor elementor-838 elementor-814">
				<div class="elementor-element elementor-element-2ac81f8 e-flex e-con-boxed creativo-sticky-disabled e-con e-parent" data-id="2ac81f8" data-element_type="container" data-settings="{&quot;background_background&quot;:&quot;classic&quot;,&quot;enable_creativo_sticky&quot;:&quot;disabled&quot;}">
					<div class="e-con-inner">
				<div class="elementor-element elementor-element-8384be8 elementor-widget elementor-widget-wp-widget-bcn_widget" data-id="8384be8" data-element_type="widget" data-widget_type="wp-widget-bcn_widget.default">
				<div class="elementor-widget-container">
					<div class="breadcrumbs" vocab="https://schema.org/" typeof="BreadcrumbList"></div>				</div>
				</div>
					</div>
				</div>
				<section class="elementor-section elementor-top-section elementor-element elementor-element-53220ca elementor-section-boxed elementor-section-height-default elementor-section-height-default creativo-sticky-disabled" data-id="53220ca" data-element_type="section" data-settings="{&quot;background_background&quot;:&quot;classic&quot;,&quot;enable_creativo_sticky&quot;:&quot;disabled&quot;}">
							<div class="elementor-background-overlay"></div>
							<div class="elementor-container elementor-column-gap-default">
					<div class="elementor-column elementor-col-100 elementor-top-column elementor-element elementor-element-ceeb903" data-id="ceeb903" data-element_type="column">
			<div class="elementor-widget-wrap elementor-element-populated">
						<div class="elementor-element elementor-element-64b0b5f elementor-widget elementor-widget-heading" data-id="64b0b5f" data-element_type="widget" data-widget_type="heading.default">
					<h2 class="elementor-heading-title elementor-size-default">Gizella Drávai</h2>				</div>
					</div>
		</div>
					</div>
		</section>
		<div class="elementor-element elementor-element-80d52b3 e-flex e-con-boxed creativo-sticky-disabled e-con e-parent" data-id="80d52b3" data-element_type="container" data-settings="{&quot;enable_creativo_sticky&quot;:&quot;disabled&quot;}">
					<div class="e-con-inner">
		<div class="elementor-element elementor-element-12992b8 e-con-full e-flex creativo-sticky-disabled e-con e-child" data-id="12992b8" data-element_type="container" data-settings="{&quot;enable_creativo_sticky&quot;:&quot;disabled&quot;}">
				<div class="elementor-element elementor-element-1d7bed1 elementor-widget elementor-widget-image" data-id="1d7bed1" data-element_type="widget" data-widget_type="image.default">
												<figure class="wp-caption">
										<img fetchpriority="high" decoding="async" width="640" height="893" src="https://ferencviktoria.eu/wp-content/uploads/2025/10/portre-II_-734x1024.jpg" class="attachment-large size-large wp-image-1045" alt="Teacher" srcset="https://ferencviktoria.eu/wp-content/uploads/2025/10/portre-II_-734x1024.jpg 734w, https://ferencviktoria.eu/wp-content/uploads/2025/10/portre-II_-215x300.jpg 215w, https://ferencviktoria.eu/wp-content/uploads/2025/10/portre-II_-1100x1536.jpg 1100w, https://ferencviktoria.eu/wp-content/uploads/2025/10/portre-II_-1467x2048.jpg 1467w, https://ferencviktoria.eu/wp-content/uploads/2025/10/portre-II_.jpg 1791w" sizes="(max-width: 640px) 100vw, 640px" />											<figcaption class="widget-image-caption wp-caption-text">Gizella Drávai</figcaption>
										</figure>
									</div>
				</div>
		<div class="elementor-element elementor-element-b2977d7 e-con-full e-flex creativo-sticky-disabled e-con e-child" data-id="b2977d7" data-element_type="container" data-settings="{&quot;enable_creativo_sticky&quot;:&quot;disabled&quot;}">
				<div class="elementor-element elementor-element-21611f1 elementor-widget elementor-widget-text-editor" data-id="21611f1" data-element_type="widget" data-widget_type="text-editor.default">
									<p>Gizella Drávai (1911–1981), educator, writer, poet, of Beregszász (Berehove)</p><p>Gizella Drávai was a decisive figure in the culture of the whole of Subcarpathia (Kárpátalja). She helped many educators, writers, poets, and public figures realize their professional calling.</p><p>She was born on May 8, 1911, in Kovászó (Kvasovo) into the family of Jenő Legeza, a Greek Catholic priest, and Gizella Skira. She was only four years old when her father unexpectedly passed away.</p><p>She and her mother then moved to Beregszász (Berehove). Gizella completed her civilian school there, and then prepared for a teaching career. She worked for a year at the Kálvin Printing House in Beregszász, and then studied at the teacher training college in Ungvár (Uzhhorod).</p><p>She married, and although she did not have children from her marriage, she became the adopted mother of hundreds of children.</p><p>During her teaching career, she taught at several schools in Bereg County in addition to the two Hungarian-language schools in Beregszász.</p><p>She offered this opinion on teaching: <em>&#8220;The truth is that teaching is not a heart-felt career choice for everyone. Strong will enables the less talented educator to achieve great things, whereas a lack of perseverance means that many talented contemporaries do not fulfill the hopes placed in them. The latter is very unfortunate, because every lost potential represents a loss for society.&#8221;</em></p><p>She was more than just a teacher: she wrote textbooks and methodological books, translated, published in newspapers, and mentored writers and poets.</p><p>In 1952, she founded a Hungarian literary studio in Beregszász.</p><p>Mária Punykó, one of her students, remembers her this way: <em>&#8220;…Besides loving children, she also saw the potential abilities within them and strove to unleash them. As Béla Erdélyi said about her: she was yeast that set others in motion. She paved the way for everyone in whom she saw a spark of talent. Many regarded her as a role model, a champion of the Hungarian language, and a custodian of Hungarian culture. She gave us not only knowledge but also a worldview. I inherited everything from her after my parents.&#8221;</em></p><p>Gizella Drávai passed away on August 28, 1981.</p>								</div>
				</div>
					</div>
				</div>
				</div>

<p>Gizella Drávai Gizella Drávai Gizella Drávai (1911–1981), educator, writer, poet, of Beregszász (Berehove) Gizella Drávai was a decisive figure in the culture of the whole of Subcarpathia (Kárpátalja). She helped many educators, writers, poets, and public figures realize their professional calling. She was born on May 8, 1911, in Kovászó (Kvasovo) into the family of&#8230;</p>
