{"id":832,"date":"2025-10-01T13:57:18","date_gmt":"2025-10-01T11:57:18","guid":{"rendered":"https:\/\/ferencviktoria.eu\/9th-transcarpathian-day-in-brussels\/bacsinszky-odonne-huban-aurelia\/"},"modified":"2025-11-18T11:00:05","modified_gmt":"2025-11-18T10:00:05","slug":"gentlewoman","status":"publish","type":"page","link":"https:\/\/ferencviktoria.eu\/en\/transcarpathian-day-in-brussels\/faces-from-the-past\/gentlewoman\/","title":{"rendered":"Aur\u00e9lia Hub\u00e1n, \u00d6d\u00f6nn\u00e9 Bacsinszky"},"content":{"rendered":"\t\t<div data-elementor-type=\"wp-page\" data-elementor-id=\"832\" class=\"elementor elementor-832 elementor-807\">\n\t\t\t\t<div class=\"elementor-element elementor-element-63c8ad6 e-flex e-con-boxed creativo-sticky-disabled e-con e-parent\" data-id=\"63c8ad6\" data-element_type=\"container\" data-settings=\"{&quot;background_background&quot;:&quot;classic&quot;,&quot;enable_creativo_sticky&quot;:&quot;disabled&quot;}\">\n\t\t\t\t\t<div class=\"e-con-inner\">\n\t\t\t\t<div class=\"elementor-element elementor-element-55f5e32 elementor-widget elementor-widget-wp-widget-bcn_widget\" data-id=\"55f5e32\" data-element_type=\"widget\" data-widget_type=\"wp-widget-bcn_widget.default\">\n\t\t\t\t<div class=\"elementor-widget-container\">\n\t\t\t\t\t<div class=\"breadcrumbs\" vocab=\"https:\/\/schema.org\/\" typeof=\"BreadcrumbList\"><\/div>\t\t\t\t<\/div>\n\t\t\t\t<\/div>\n\t\t\t\t\t<\/div>\n\t\t\t\t<\/div>\n\t\t\t\t<section class=\"elementor-section elementor-top-section elementor-element elementor-element-294d1be elementor-section-boxed elementor-section-height-default elementor-section-height-default creativo-sticky-disabled\" data-id=\"294d1be\" data-element_type=\"section\" data-settings=\"{&quot;background_background&quot;:&quot;classic&quot;,&quot;enable_creativo_sticky&quot;:&quot;disabled&quot;}\">\n\t\t\t\t\t\t\t<div class=\"elementor-background-overlay\"><\/div>\n\t\t\t\t\t\t\t<div class=\"elementor-container elementor-column-gap-default\">\n\t\t\t\t\t<div class=\"elementor-column elementor-col-100 elementor-top-column elementor-element elementor-element-82486db\" data-id=\"82486db\" data-element_type=\"column\">\n\t\t\t<div class=\"elementor-widget-wrap elementor-element-populated\">\n\t\t\t\t\t\t<div class=\"elementor-element elementor-element-7e8ffda elementor-widget elementor-widget-heading\" data-id=\"7e8ffda\" data-element_type=\"widget\" data-widget_type=\"heading.default\">\n\t\t\t\t\t<h2 class=\"elementor-heading-title elementor-size-default\">Aur\u00e9lia Hub\u00e1n, \u00d6d\u00f6nn\u00e9 Bacsinszky<\/h2>\t\t\t\t<\/div>\n\t\t\t\t\t<\/div>\n\t\t<\/div>\n\t\t\t\t\t<\/div>\n\t\t<\/section>\n\t\t<div class=\"elementor-element elementor-element-e8ba4a8 e-flex e-con-boxed creativo-sticky-disabled e-con e-parent\" data-id=\"e8ba4a8\" data-element_type=\"container\" data-settings=\"{&quot;enable_creativo_sticky&quot;:&quot;disabled&quot;}\">\n\t\t\t\t\t<div class=\"e-con-inner\">\n\t\t<div class=\"elementor-element elementor-element-c52da97 e-con-full e-flex creativo-sticky-disabled e-con e-child\" data-id=\"c52da97\" data-element_type=\"container\" data-settings=\"{&quot;enable_creativo_sticky&quot;:&quot;disabled&quot;}\">\n\t\t\t\t<div class=\"elementor-element elementor-element-fcdda5a elementor-widget elementor-widget-image\" data-id=\"fcdda5a\" data-element_type=\"widget\" data-widget_type=\"image.default\">\n\t\t\t\t\t\t\t\t\t\t\t\t<figure class=\"wp-caption\">\n\t\t\t\t\t\t\t\t\t\t<img fetchpriority=\"high\" decoding=\"async\" width=\"626\" height=\"1024\" src=\"https:\/\/ferencviktoria.eu\/wp-content\/uploads\/2025\/10\/portre-I_-626x1024.jpg\" class=\"attachment-large size-large wp-image-1061\" alt=\"Gentlewoman\" srcset=\"https:\/\/ferencviktoria.eu\/wp-content\/uploads\/2025\/10\/portre-I_-626x1024.jpg 626w, https:\/\/ferencviktoria.eu\/wp-content\/uploads\/2025\/10\/portre-I_-183x300.jpg 183w, https:\/\/ferencviktoria.eu\/wp-content\/uploads\/2025\/10\/portre-I_-939x1536.jpg 939w, https:\/\/ferencviktoria.eu\/wp-content\/uploads\/2025\/10\/portre-I_-1253x2048.jpg 1253w, https:\/\/ferencviktoria.eu\/wp-content\/uploads\/2025\/10\/portre-I_.jpg 1529w\" sizes=\"(max-width: 626px) 100vw, 626px\" \/>\t\t\t\t\t\t\t\t\t\t\t<figcaption class=\"widget-image-caption wp-caption-text\">Aur\u00e9lia Hub\u00e1n, \u00d6d\u00f6nn\u00e9 Bacsinszky<\/figcaption>\n\t\t\t\t\t\t\t\t\t\t<\/figure>\n\t\t\t\t\t\t\t\t\t<\/div>\n\t\t\t\t<\/div>\n\t\t<div class=\"elementor-element elementor-element-cd7fa9e e-con-full e-flex creativo-sticky-disabled e-con e-child\" data-id=\"cd7fa9e\" data-element_type=\"container\" data-settings=\"{&quot;enable_creativo_sticky&quot;:&quot;disabled&quot;}\">\n\t\t\t\t<div class=\"elementor-element elementor-element-6eb462b elementor-widget elementor-widget-text-editor\" data-id=\"6eb462b\" data-element_type=\"widget\" data-widget_type=\"text-editor.default\">\n\t\t\t\t\t\t\t\t\t<p>Aur\u00e9lia Hub\u00e1n grew up in Szatm\u00e1rn\u00e9meti (Satu Mare), the daughter of the local Greek Catholic priest. In 1911, she married \u00d6d\u00f6n Bacsinszky (1880\u20131945), who had become a widower the previous year. His wife had died while giving birth to their young daughter. Aur\u00e9lia and her husband did not have any children together, but Aur\u00e9lia loved and raised \u00d6d\u00f6n&#8217;s daughter, Hedvig, who everyone nicknamed Mici, as her own.<\/p>\n<p>Due to \u00d6d\u00f6n&#8217;s work, the family moved several times. They finally settled in Ungv\u00e1r (Uzhhorod). They built a beautiful villa there.<\/p>\n<p>As the mayor of Ungv\u00e1r, then a district judge, and later a Czechoslovak senator, \u00d6d\u00f6n was one of the most influential figures in Subcarpathia (K\u00e1rp\u00e1talja).<\/p>\n<p>As her husband&#8217;s loyal companion, Aur\u00e9lia also took part in social duties. She presided over numerous foundations and regularly organized charity events.<\/p>\n<p>The family moved to Huszt (Khust) in 1938 because of her husband&#8217;s work.<\/p>\n<p>Their lives took a turn for the worse after the Red Army marched in. The Soviet authorities arrested her husband and sent him to a labor camp. He died there under unknown circumstances in 1945. The family&#8217;s properties were confiscated.<\/p>\n<p>Aur\u00e9lia&#8217;s father also passed away in 1945.<\/p>\n<p>Aur\u00e9lia remained in Huszt, where she died in 1976.<\/p>\t\t\t\t\t\t\t\t<\/div>\n\t\t\t\t<\/div>\n\t\t\t\t\t<\/div>\n\t\t\t\t<\/div>\n\t\t\t\t<\/div>\n\t\t","protected":false},"excerpt":{"rendered":"<p>Aur\u00e9lia Hub\u00e1n, \u00d6d\u00f6nn\u00e9 Bacsinszky Aur\u00e9lia Hub\u00e1n, \u00d6d\u00f6nn\u00e9 Bacsinszky Aur\u00e9lia Hub\u00e1n grew up in Szatm\u00e1rn\u00e9meti (Satu Mare), the daughter of the local Greek Catholic priest. In 1911, she married \u00d6d\u00f6n Bacsinszky (1880\u20131945), who had become a widower the previous year. His wife had died while giving birth to their young daughter. Aur\u00e9lia and her husband did&#8230;<\/p>\n","protected":false},"author":2,"featured_media":0,"parent":1074,"menu_order":0,"comment_status":"closed","ping_status":"closed","template":"elementor_header_footer","meta":{"give_campaign_id":0,"_seopress_robots_primary_cat":"","_seopress_titles_title":"","_seopress_titles_desc":"","_seopress_robots_index":"","footnotes":""},"class_list":["post-832","page","type-page","status-publish","hentry"],"campaignId":"","_links":{"self":[{"href":"https:\/\/ferencviktoria.eu\/en\/wp-json\/wp\/v2\/pages\/832","targetHints":{"allow":["GET"]}}],"collection":[{"href":"https:\/\/ferencviktoria.eu\/en\/wp-json\/wp\/v2\/pages"}],"about":[{"href":"https:\/\/ferencviktoria.eu\/en\/wp-json\/wp\/v2\/types\/page"}],"author":[{"embeddable":true,"href":"https:\/\/ferencviktoria.eu\/en\/wp-json\/wp\/v2\/users\/2"}],"replies":[{"embeddable":true,"href":"https:\/\/ferencviktoria.eu\/en\/wp-json\/wp\/v2\/comments?post=832"}],"version-history":[{"count":10,"href":"https:\/\/ferencviktoria.eu\/en\/wp-json\/wp\/v2\/pages\/832\/revisions"}],"predecessor-version":[{"id":1410,"href":"https:\/\/ferencviktoria.eu\/en\/wp-json\/wp\/v2\/pages\/832\/revisions\/1410"}],"up":[{"embeddable":true,"href":"https:\/\/ferencviktoria.eu\/en\/wp-json\/wp\/v2\/pages\/1074"}],"wp:attachment":[{"href":"https:\/\/ferencviktoria.eu\/en\/wp-json\/wp\/v2\/media?parent=832"}],"curies":[{"name":"wp","href":"https:\/\/api.w.org\/{rel}","templated":true}]}}

Aurélia Hubán, Ödönné Bacsinszky

<div data-elementor-type="wp-page" data-elementor-id="832" class="elementor elementor-832 elementor-807">
				<div class="elementor-element elementor-element-63c8ad6 e-flex e-con-boxed creativo-sticky-disabled e-con e-parent" data-id="63c8ad6" data-element_type="container" data-settings="{&quot;background_background&quot;:&quot;classic&quot;,&quot;enable_creativo_sticky&quot;:&quot;disabled&quot;}">
					<div class="e-con-inner">
				<div class="elementor-element elementor-element-55f5e32 elementor-widget elementor-widget-wp-widget-bcn_widget" data-id="55f5e32" data-element_type="widget" data-widget_type="wp-widget-bcn_widget.default">
				<div class="elementor-widget-container">
					<div class="breadcrumbs" vocab="https://schema.org/" typeof="BreadcrumbList"></div>				</div>
				</div>
					</div>
				</div>
				<section class="elementor-section elementor-top-section elementor-element elementor-element-294d1be elementor-section-boxed elementor-section-height-default elementor-section-height-default creativo-sticky-disabled" data-id="294d1be" data-element_type="section" data-settings="{&quot;background_background&quot;:&quot;classic&quot;,&quot;enable_creativo_sticky&quot;:&quot;disabled&quot;}">
							<div class="elementor-background-overlay"></div>
							<div class="elementor-container elementor-column-gap-default">
					<div class="elementor-column elementor-col-100 elementor-top-column elementor-element elementor-element-82486db" data-id="82486db" data-element_type="column">
			<div class="elementor-widget-wrap elementor-element-populated">
						<div class="elementor-element elementor-element-7e8ffda elementor-widget elementor-widget-heading" data-id="7e8ffda" data-element_type="widget" data-widget_type="heading.default">
					<h2 class="elementor-heading-title elementor-size-default">Aurélia Hubán, Ödönné Bacsinszky</h2>				</div>
					</div>
		</div>
					</div>
		</section>
		<div class="elementor-element elementor-element-e8ba4a8 e-flex e-con-boxed creativo-sticky-disabled e-con e-parent" data-id="e8ba4a8" data-element_type="container" data-settings="{&quot;enable_creativo_sticky&quot;:&quot;disabled&quot;}">
					<div class="e-con-inner">
		<div class="elementor-element elementor-element-c52da97 e-con-full e-flex creativo-sticky-disabled e-con e-child" data-id="c52da97" data-element_type="container" data-settings="{&quot;enable_creativo_sticky&quot;:&quot;disabled&quot;}">
				<div class="elementor-element elementor-element-fcdda5a elementor-widget elementor-widget-image" data-id="fcdda5a" data-element_type="widget" data-widget_type="image.default">
												<figure class="wp-caption">
										<img fetchpriority="high" decoding="async" width="626" height="1024" src="https://ferencviktoria.eu/wp-content/uploads/2025/10/portre-I_-626x1024.jpg" class="attachment-large size-large wp-image-1061" alt="Gentlewoman" srcset="https://ferencviktoria.eu/wp-content/uploads/2025/10/portre-I_-626x1024.jpg 626w, https://ferencviktoria.eu/wp-content/uploads/2025/10/portre-I_-183x300.jpg 183w, https://ferencviktoria.eu/wp-content/uploads/2025/10/portre-I_-939x1536.jpg 939w, https://ferencviktoria.eu/wp-content/uploads/2025/10/portre-I_-1253x2048.jpg 1253w, https://ferencviktoria.eu/wp-content/uploads/2025/10/portre-I_.jpg 1529w" sizes="(max-width: 626px) 100vw, 626px" />											<figcaption class="widget-image-caption wp-caption-text">Aurélia Hubán, Ödönné Bacsinszky</figcaption>
										</figure>
									</div>
				</div>
		<div class="elementor-element elementor-element-cd7fa9e e-con-full e-flex creativo-sticky-disabled e-con e-child" data-id="cd7fa9e" data-element_type="container" data-settings="{&quot;enable_creativo_sticky&quot;:&quot;disabled&quot;}">
				<div class="elementor-element elementor-element-6eb462b elementor-widget elementor-widget-text-editor" data-id="6eb462b" data-element_type="widget" data-widget_type="text-editor.default">
									<p>Aurélia Hubán grew up in Szatmárnémeti (Satu Mare), the daughter of the local Greek Catholic priest. In 1911, she married Ödön Bacsinszky (1880–1945), who had become a widower the previous year. His wife had died while giving birth to their young daughter. Aurélia and her husband did not have any children together, but Aurélia loved and raised Ödön&#8217;s daughter, Hedvig, who everyone nicknamed Mici, as her own.</p>
<p>Due to Ödön&#8217;s work, the family moved several times. They finally settled in Ungvár (Uzhhorod). They built a beautiful villa there.</p>
<p>As the mayor of Ungvár, then a district judge, and later a Czechoslovak senator, Ödön was one of the most influential figures in Subcarpathia (Kárpátalja).</p>
<p>As her husband&#8217;s loyal companion, Aurélia also took part in social duties. She presided over numerous foundations and regularly organized charity events.</p>
<p>The family moved to Huszt (Khust) in 1938 because of her husband&#8217;s work.</p>
<p>Their lives took a turn for the worse after the Red Army marched in. The Soviet authorities arrested her husband and sent him to a labor camp. He died there under unknown circumstances in 1945. The family&#8217;s properties were confiscated.</p>
<p>Aurélia&#8217;s father also passed away in 1945.</p>
<p>Aurélia remained in Huszt, where she died in 1976.</p>								</div>
				</div>
					</div>
				</div>
				</div>

<p>Aurélia Hubán, Ödönné Bacsinszky Aurélia Hubán, Ödönné Bacsinszky Aurélia Hubán grew up in Szatmárnémeti (Satu Mare), the daughter of the local Greek Catholic priest. In 1911, she married Ödön Bacsinszky (1880–1945), who had become a widower the previous year. His wife had died while giving birth to their young daughter. Aurélia and her husband did&#8230;</p>
